t the prime factors of 339711.
3, 17, 6661
List the prime factors of 549342.
2, 3, 3391
List the prime factors of 11553007.
19, 113, 5381
List the prime factors of 127304.
2, 15913
What are the prime factors of 250563?
3, 17
List the prime factors of 3357773.
1787, 1879
List the prime factors of 388705.
5, 17, 269
What are the prime factors of 275735?
5, 55147
What are the prime factors of 217041?
3, 11, 6577
List the prime factors of 646590.
2, 3, 5, 7, 3079
List the prime factors of 2602590.
2, 3, 5, 86753
List the prime factors of 2867798.
2, 17, 84347
What are the prime factors of 2021?
43, 47
List the prime factors of 1423299.
3, 474433
List the prime factors of 20182262.
2, 359, 28109
List the prime factors of 7203787.
2039, 3533
What are the prime factors of 1463623?
7, 209089
List the prime factors of 207599.
7, 47, 631
List the prime factors of 413461.
413461
What are the prime factors of 1035641?
1035641
What are the prime factors of 1245267?
3, 17, 2713
What are the prime factors of 354822?
2, 3, 13, 4549
List the prime factors of 782490.
2, 3, 5, 26083
What are the prime factors of 4227471?
3, 1933
List the prime factors of 212899.
211, 1009
What are the prime factors of 10423345?
5, 383, 5443
What are the prime factors of 6088532?
2, 61, 24953
List the prime factors of 1388427.
3, 43, 47, 229
List the prime factors of 4168286.
2, 29, 71867
What are the prime factors of 151143?
3, 83, 607
List the prime factors of 9450662.
2, 13, 103, 3529
List the prime factors of 127207.
127207
What are the prime factors of 155895?
3, 5, 19, 547
List the prime factors of 6055909.
6055909
List the prime factors of 165763.
13, 41, 311
What are the prime factors of 256382?
2, 7, 18313
List the prime factors of 138028.
2, 11, 3137
What are the prime factors of 942957?
3, 104773
List the prime factors of 9126761.
7, 1303823
What are the prime factors of 495613?
495613
What are the prime factors of 8266725?
3, 5, 37, 331
List the prime factors of 125876.
2, 31469
List the prime factors of 4784067.
3, 19, 101, 277
What are the prime factors of 5290766?
2, 13, 59, 3449
List the prime factors of 821935.
5, 164387
List the prime factors of 36260738.
2, 103, 176023
List the prime factors of 54782.
2, 7, 13, 43
List the prime factors of 80420.
2, 5, 4021
What are the prime factors of 163184?
2, 7, 31, 47
List the prime factors of 1822553.
17, 107209
List the prime factors of 11925963.
3, 7, 27043
What are the prime factors of 5981983?
7, 854569
What are the prime factors of 1361938?
2, 17, 41, 977
What are the prime factors of 1151591?
7, 164513
List the prime factors of 935291.
7, 53, 2521
List the prime factors of 2813094.
2, 3, 131, 1193
List the prime factors of 1682056.
2, 210257
What are the prime factors of 25532717?
7, 3647531
What are the prime factors of 39434?
2, 19717
What are the prime factors of 167550?
2, 3, 5, 1117
List the prime factors of 3566169.
3, 103, 3847
What are the prime factors of 367889?
367889
List the prime factors of 10044625.
5, 107, 751
What are the prime factors of 11553036?
2, 3, 11, 87523
List the prime factors of 517829.
13, 61, 653
List the prime factors of 103356.
2, 3, 11, 29
List the prime factors of 164115.
3, 5, 7, 521
What are the prime factors of 1411745?
5, 282349
What are the prime factors of 2359086?
2, 3, 393181
List the prime factors of 1644528.
2, 3, 34261
List the prime factors of 46347.
3, 7, 2207
What are the prime factors of 238161?
3, 7, 11, 1031
What are the prime factors of 8049403?
8049403
What are the prime factors of 191742?
2, 3, 31957
What are the prime factors of 19506957?
3, 953, 6823
What are the prime factors of 1640745?
3, 5, 19, 101
What are the prime factors of 844091?
461, 1831
What are the prime factors of 2385860?
2, 5, 119293
List the prime factors of 225999.
3, 25111
List the prime factors of 137814.
2, 3, 103, 223
What are the prime factors of 570362?
2, 13, 21937
What are the prime factors of 23554?
2, 11777
List the prime factors of 1209883.
1209883
What are the prime factors of 599841?
3, 11, 73, 83
List the prime factors of 1313662.
2, 7, 103, 911
List the prime factors of 33746110.
2, 5, 3374611
List the prime factors of 535423.
7, 223
What are the prime factors of 16776354?
2, 3, 7, 19, 21023
What are the prime factors of 1195297?
107, 11171
What are the prime factors of 256178?
2, 13, 59, 167
What are the prime factors of 12182596?
2, 1451, 2099
What are the prime factors of 433838?
2, 216919
What are the prime factors of 141324?
2, 3, 11777
List the prime factors of 168899.
168899
List the prime factors of 718967.
397, 1811
What are the prime factors of 1320279?
3, 440093
List the prime factors of 14700365.
5, 2940073
List the prime factors of 691739.
691739
List the prime factors of 412666.
2, 23, 8971
What are the prime factors of 3737877?
3, 11, 13, 8713
List the prime factors of 787719.
3, 67, 3919
List the prime factors of 233742.
2, 3, 163, 239
List the prime factors of 15466542.
2, 3, 7, 13, 2179
What are the prime factors of 520326?
2, 3, 137, 211
What are the prime factors of 9013418?
2, 4506709
What are the prime factors of 8498986?
2, 367, 11579
What are the prime factors of 481397?
7, 68771
What are the prime factors of 3480390?
2, 3, 5, 38671
What are the prime factors of 7487912?
2, 37, 41, 617
List the prime factors of 1167300.
2, 3, 5, 1297
What are the prime factors of 8301255?
3, 5, 553417
List the prime factors of 923727.
3, 7, 43987
List the prime factors of 1656428.
2, 414107
List the prime factors of 37415858.
2, 29, 73, 8837
What are the prime factors of 447719?
139, 3221
What are the prime factors of 336834?
2, 3, 18713
What are the prime factors of 1576967?
7, 32183
List the prime factors of 384671.
7, 179, 307
List the prime factors of 5451563.
13, 419351
List the prime factors of 228718.
2, 7, 17, 31
What are the prime factors of 201759?
3, 109, 617
What are the prime factors of 1302815?
5, 67, 3889
What are the prime factors of 4914777?
3, 7, 227, 1031
List the prime factors of 75959.
13, 5843
What are the prime factors of 411065?
5, 19, 4327
List the prime factors of 265527.
3, 163, 181
What are the prime factors of 7099800?
2, 3, 5, 11833
What are the prime factors of 7558576?
2, 472411
What are the prime factors of 4747283?
19, 249857
List the prime factors of 203103.
3, 22567
List the prime factors of 1998814.
2, 37, 27011
List the prime factors of 1419114.
2, 3, 236519
List the prime factors of 6924782.
2, 3462391
List the prime factors of 689976.
2, 3, 7, 37
List the prime factors of 800061.
3, 266687
List the prime factors of 929930.
2, 5, 92993
What are the prime factors of 227132?
2, 56783
What are the prime factors of 38625829?
11, 3511439
What are the prime factors of 350386?
2, 41, 4273
What are the prime factors of 27698632?
2, 13, 266333
List the prime factors of 1674917.
1674917
What are the prime factors of 65968?
2, 7, 19, 31
What are the prime factors of 165752?
2, 20719
List the prime factors of 323368.
2, 83, 487
What are the prime factors of 5173550?
2, 5, 103471
What are the prime factors of 195489?
3, 7, 29, 107
List the prime factors of 19002.
2, 3, 3167
What are the prime factors of 247531?
247531
What are the prime factors of 209526?
2, 3, 47, 743
What are the prime factors of 13252276?
2, 599, 5531
What are the prime factors of 1065604?
2, 266401
List the prime factors of 4794701.
71, 67531
What are the prime factors of 59890?
2, 5, 53, 113
List the prime factors of 130462.
2, 37, 41, 43
What are the prime factors of 36386?
2, 7, 23, 113
List the prime factors of 637440.
2, 3, 5, 83
What are the prime factors of 989417?
11, 13, 17, 37
List the prime factors of 1802332.
2, 7, 59, 1091
What are the prime factors of 5559910?
2, 5, 613, 907
What are the prime factors of 631620?
2, 3, 5, 11, 29
List the prime factors of 7352602.
2, 17, 29, 7457
What are the prime factors of 21688969?
21688969
List the prime factors of 19077622.
2, 9538811
What are the prime factors of 3731947?
3731947
What are the prime factors of 2879046?
2, 3, 307, 521
List the prime factors of 1572899.
521, 3019
What are the prime factors of 10611289?
13, 53, 15401
List the prime factors of 1933755.
3, 5, 137, 941
List the prime factors of 3881506.
2, 